t r be p(1). Suppose -a + 18 = -r. List the prime factors of a.
2, 3, 5
Suppose 4 = 13*f - 12*f. Suppose 3*x = 10 - f. Suppose 233 = x*v + 65. List the prime factors of v.
2, 3, 7
Let d(g) = -14*g + 94. Let f be d(17). Let t be (-2)/(8/162)*-6. Let y = f + t. What are the prime factors of y?
3, 11
Suppose 105710 + 5572 = 6*x. List the prime factors of x.
17, 1091
Suppose 5*m + 5507 = 1772. List the prime factors of -1*(-1)/((-1)/m).
3, 83
Suppose 0 = 4*f + 5*f - 5265. Suppose 0 = 4*o - y - f, -3*o + 44 = -5*y - 399. What are the prime factors of o?
2, 73
Let a(s) = -58*s - 33. Let x be a(-20). Let z = x + -646. What are the prime factors of z?
13, 37
Let j = -100611 + 170429. List the prime factors of j.
2, 7, 4987
Suppose 0 = 3*z - o - 17, -5*z + 28 = o - 3. List the prime factors of 6/(1 - 0)*794/z.
2, 397
Suppose 0 = 4*a + w + 153, -5*w = -3*a - 0*w - 109. Let p be (-15)/20 - a/8. Suppose h + 378 = p*h. What are the prime factors of h?
2, 3, 7
Suppose 5*t - 40233 = 359*i - 356*i, 0 = -2*i - 2. What are the prime factors of t?
2, 3, 149
Let w(u) = u**2 - 3*u + 32. Let j be w(-12). Let p = -65 + j. What are the prime factors of p?
3, 7
What are the prime factors of -1*(-13060 + -2) - -3*21/9?
7, 1867
Let n be (-2*2/(-4))/(20/100). Suppose -8*h + 2*h + 30 = 0. Suppose -h*q - 2*m = -218, -2*q - 2*m + 87 = -n. What are the prime factors of q?
2, 3, 7
Suppose 157*k - 114*k + 2236 = 0. Suppose -2*x - 136 = 2*x. Let p = x - k. What are the prime factors of p?
2, 3
Let z = 14 + -9. Suppose -z*a - 27 = -12. List the prime factors of (-1)/(-2) - (a + 875/(-10)).
7, 13
What are the prime factors of ((-147)/21 - -4)/((-3)/3056)?
2, 191
What are the prime factors of ((-52964)/(-24))/(38/228)?
13241
Suppose -103*s = 139*s - 248488 - 1733008. List the prime factors of s.
2, 23, 89
Suppose 15727 = -18*o + 175. Let x = -484 - o. List the prime factors of x.
2, 5, 19
Suppose -x + 171 = 187. List the prime factors of x/(-12) - 1 - 5564/(-12).
2, 29
Let w be (72/(-30))/(3/15). Let z be (-2 - (-120)/(-9))*(w + -3). Let j = -137 + z. What are the prime factors of j?
3, 31
Suppose -9*k - 19876 = -4*p - 4*k, -4*p + 19848 = 2*k. List the prime factors of p.
2, 17, 73
Let d(w) = -w**2 - 21*w + 112. Let y be d(-29). Suppose -p - 2*p - 105 = 0. Let h = p - y. List the prime factors of h.
5, 17
Suppose -264*f = -246*f - 47317 - 80051. List the prime factors of f.
2, 29, 61
Let s be -1156 - 2 - (1 - 1 - -4). Let l = s + 2062. What are the prime factors of l?
2, 3, 5
Let y(l) = -3*l + 38. Let t be (-6)/(-4)*(-88)/(-12). Let k be y(t). Suppose 0 = k*u - 2*f - 542, 5*u + 3*f = 347 + 190. List the prime factors of u.
2, 3
Suppose -9*x + 158369 = -238513. List the prime factors of x.
2, 17, 1297
Suppose 35763 = 5*a - a - a. List the prime factors of a.
7, 13, 131
Suppose 3*c = -15, 3*c = -y - y - 33. Let g be 535/45 + (-1)/y. Let h(j) = -j + 37. List the prime factors of h(g).
5
Suppose 5*z = -r + 19, 0 = -4*z + 3*r - 11 + 30. Suppose 2*f + 232 = z*x, 4*f - 92 = -2*x - f. Let m = 93 - x. What are the prime factors of m?
37
Suppose 2*i = 239 + 199. Let b be 7 + i + 2/(4/6). Suppose -b = -5*l - 3*v, l + v - 179 = -3*l. List the prime factors of l.
2, 11
Let b be -17 + 25 - (8 + (-6)/2). Suppose -a + 1079 = b*o, 15*a + 4376 = 19*a - 3*o. What are the prime factors of a?
1091
Let h(p) = -5*p**2 - 23*p - 165. Let k(q) = -11*q**2 - 50*q - 330. Let r(w) = 13*h(w) - 6*k(w). List the prime factors of r(37).
17, 73
Suppose 5646102 = 560*a - 459*a. What are the prime factors of a?
2, 3, 7, 11
Let m(i) = i + 19. Let n be m(-16). Suppose -c = d - n*d - 14, -4*c = -3*d - 46. List the prime factors of 3 + (c/8)/(6/144).
3, 11
Suppose -15 = -5*f, 6*a - 5*f = 4*a + 381. Let h(i) = -i**3 - 12*i**2 + 6*i + 17. Let d be h(-13). Let y = a - d. List the prime factors of y.
2, 3, 5
Let l(p) = -p**2 + 6*p + 4. Let c be l(5). Let d(k) = -73*k**2 - 2 - 2 + k**3 - 4 + 62*k**2 + 20*k. List the prime factors of d(c).
2, 5
Suppose -52*y + 756879 = 17387. List the prime factors of y.
14221
Let z(o) = 12*o + 62. Let l(t) = 38*t + 186. Let h(n) = -6*l(n) + 17*z(n). What are the prime factors of h(-12)?
2, 113
List the prime factors of 3062 + 32 + -5*1.
3089
Let m(a) = -a**2 - 20*a - 10. Let x be (-14 + 12)*106/4. Let i = x - -40. What are the prime factors of m(i)?
3
Let l(h) = -1189*h**3 + h**2 + 6*h + 4. Let u be l(-1). Suppose 12*z - 14*z + u = 4*a, 3*z - 590 = -2*a. List the prime factors of a.
2, 149
What are the prime factors of (-212)/530 + 8434/10?
3, 281
Let j be 0/(-3*12/(-18)). Suppose -3*f + 168 = -j*m - m, 3*f = 0. List the prime factors of (-4)/(-14) + (-41112)/m.
5, 7
Suppose 115*d - 161573 - 221533 = -86*d. Suppose -2*h = -458 - 266. Suppose -12*y + h = -d. List the prime factors of y.
3, 7
Let n(d) = 2*d**3 + 35*d**2 + 19*d + 45. Let k be n(-17). Let c(j) = -j**3 + 13*j**2 + 15*j + 3. List the prime factors of c(k).
2, 5, 41
Suppose 51*l = 71233 + 1499159. List the prime factors of l.
2, 3, 1283
Suppose 2*x = -c + 36, -15 + 21 = 3*x. What are the prime factors of (c/20)/(5/((-6500)/(-8)))?
2, 5, 13
Let p(m) = 28*m**2 - 5*m + 21. Let h(o) = o**2 - 2*o. Let c(r) = -5*h(r) + p(r). Let z be c(-6). Suppose -7*v + 4*v = -z. What are the prime factors of v?
3, 7, 13
Let n be ((-7)/(56/12))/((-6)/28). Suppose n*r = 4*z - 1896, 4*r - 16 + 0 = 0. List the prime factors of z.
13, 37
Suppose 2*i = -2*i + 12. Let j be -6 - (4 - (-15)/(6 - 7)). Suppose -i*o = 9, -1175 = -7*d + 2*d + j*o. List the prime factors of d.
2, 29
What are the prime factors of (-2056)/(-14)*27965/170?
2, 47, 257
Let x be 464/(-21) - (-44)/462. Suppose 0*b = -3*b - 144. Let n = x - b. List the prime factors of n.
2, 13
Let i(h) = -2*h + 9. Let m be i(2). Let l(j) = -6*j**2 + m - j**2 + 5*j + 9*j**2 + 21*j**2. List the prime factors of l(-2).
3, 29
Let q = -3642 + 8742. What are the prime factors of q?
2, 3, 5, 17
Let q = 3584 - 1500. List the prime factors of q.
2, 521
Suppose -19*a + 21*a + 1396 = 0. Let p = -247 - a. List the prime factors of p.
11, 41
Let g(v) = 2*v - 19. Let f be g(11). Suppose 2*d - 4*s = 1400, 0*s - f*s - 9 = 0. List the prime factors of d.
2, 347
What are the prime factors of (-300)/8*138*((-260)/(-30) + -10)?
2, 3, 5, 23
Let b = 255 - 253. Suppose b*s = -3*u + 906, 2*s - 1804 = -2*s - 2*u. List the prime factors of s.
2, 3, 5
Suppose -19*h = -23*h + 3*r + 1328, r - 4 = 0. List the prime factors of h + 3 - (16 + -18).
2, 5, 17
Let g be 15/5 - (0 + 2)*-1. Suppose -f + 10419 = g*u, 0*u = -u - 2*f + 2082. List the prime factors of u.
2, 521
Let b = 4061 - -265. What are the prime factors of b?
2, 3, 7, 103
Let y = 88 - 112. Let k = 28 + y. Suppose 4*x - 4*d = 79 - 7, -k*d - 42 = -2*x. What are the prime factors of x?
3, 5
Let l(c) = c**2 - 30*c + 180. Let a be l(8). Suppose -2*y + a*m = -2092, 3*m = -2*y - 2*y + 4184. List the prime factors of y.
2, 523
Suppose 5*u + 56*v - 61*v - 35575 = 0, 4*u + v = 28490. List the prime factors of u.
7121
Let u be (6/5)/(13/(-21905)). List the prime factors of (u/(-9))/((-7)/(-42)).
2, 337
Let u be 16/24 + (-11)/((-99)/30). Suppose -u*q + h = 2*h - 637, 0 = -5*q + 4*h + 791. What are the prime factors of q?
3, 53
What are the prime factors of (-7 - (-456)/64) + (-850293)/(-24)?
71, 499
Let p be (-1)/(-5) - (-4960)/200. Suppose -10976 = -33*k + p*k. List the prime factors of k.
2, 7
Let i(d) = -62*d + 7. Let o be i(1). Let w = o - -43. What are the prime factors of 456/9*w/(-8)?
2, 19
Let d(w) = -w + 3*w - 2*w - w. Let p be d(0). Suppose 12 + p = -4*o, 5*o - 225 = -4*i. What are the prime factors of i?
2, 3, 5
Let d(y) = y**3 + 4*y**2 + 8*y + 42. Let x be d(-4). Let q(o) = -o**3 + 15*o**2 + 2*o + 51. What are the prime factors of q(x)?
571
Suppose -36*f = -128*f + 994428. What are the prime factors of f?
3, 1201
Let t(r) = -4491*r - 12354. List the prime factors of t(-6).
2, 3, 19
Let x(p) = p**3 + 16*p**2 + 24*p + 92. What are the prime factors of x(-5)?
13, 19
Suppose 0 = 2*x + 6*g - 2*g + 28, -4 = 2*g. Let a = -7 - x. List the prime factors of 46/a - (-1)/(-3).
3, 5
Let p(i) = i**3 - 15*i**2 + 15*i - 12. Let v be p(14). What are the prime factors of (-138)/(-4)*(v - -16)?
3, 23
Let n(z) = 83*z**2 + 133*z - 533. Let o(v) = -27*v**2 - 44*v + 178. Let l(k) = -2*n(k) - 7*